{"id":3871,"date":"2024-05-31T14:46:47","date_gmt":"2024-05-31T14:46:47","guid":{"rendered":"https:\/\/orisha.it\/?page_id=3871"},"modified":"2025-02-07T16:25:55","modified_gmt":"2025-02-07T16:25:55","slug":"certificazioni","status":"publish","type":"page","link":"https:\/\/orisha.it\/?page_id=3871","title":{"rendered":"Certificazioni"},"content":{"rendered":"\n<div style=\"text-align: justify;\"> In <strong>Orisha Srl<\/strong>, l\u2019innovazione e la qualit\u00e0 sono sempre state al centro della sua mission. <\/div>\n\n<div style=\"text-align: justify;\"> Oggi, siamo entusiasti di condividere un traguardo significativo che riflette il nostro impegno verso l\u2019eccellenza e la sostenibilit\u00e0, annunciando il conseguimento di due importanti certificazioni ISO:\n\n<br>\u2705 <strong>ISO 9001:2015<\/strong> &#8211; Questa certificazione \u00e8 la prova dell&#8217;impegno costante che Orisha Srl mette nel fornire servizi che soddisfano i pi\u00f9 alti standard di qualit\u00e0 (<a href=\"https:\/\/orisha.it\/wp-content\/uploads\/2025\/02\/Orisha-S.r.l.-UNI-EN-ISO-9001_2015-Certificate-IQ-0524-08.pdf\"><strong>Vedi Certificato no. IQ-0524-08<\/strong><\/a>).\n\n<br>\u2705 <strong>ISO 14001:2015<\/strong> &#8211; La sostenibilit\u00e0 \u00e8 una responsabilit\u00e0 che Orisha Srl prende sul serio. Con questa certificazione, dimostriamo la volont\u00e0 di operare in modo ecologicamente responsabile, riducendo l\u2019impatto ambientale delle nostre attivit\u00e0 e promuovendo un futuro pi\u00f9 verde(<a href=\"https:\/\/orisha.it\/wp-content\/uploads\/2025\/02\/Orisha-S.r.l.-UNI-EN-ISO-14001_2015-Certificate-IE-0524-05.pdf\"><strong>Vedi Certificato no. IE-0524-05<\/a><\/strong>).\n\n<br>\u2705 <strong>ISO 45001:2018<\/strong> &#8211; La sicurezza sul lavoro \u00e8 tra i valori pi\u00f9 importanti della nostra societ\u00e0 e le nostre procedure mirano a migliorare l&#8217;organizzazione e a creare ambienti di lavoro pi\u00f9 sicuri, aumentando la consapevolezza, l\u2019impegno e la partecipazione attiva di tutti i livelli aziendali nella gestione della sicurezza. (<a href=\"https:\/\/orisha.it\/wp-content\/uploads\/2025\/02\/Orisha-S.r.l.-UNI-ISO-45001_2018-Certificate-IS-0225-02.pdf\"><strong>Vedi Certificato no. IQ-0225-02<\/strong><\/a>).\n\n\n<br><br>Queste certificazioni non sono solo simboli di <strong>qualit\u00e0, sostenibilit\u00e0 e sicurezza sul lavoro<\/strong> ma sono soprattutto il risultato di un lavoro appassionato che Orisha Srl continuer\u00e0 a svolgere, mantenendo sempre un occhio attento alla qualit\u00e0, all\u2019ambiente e alla sicurezza dei propri lavoratori.<\/div>\n\n\n\n<div class=\"wp-block-group is-layout-constrained wp-block-group-is-layout-constrained\"><div class=\"wp-block-group__inner-container\">\n<p><\/p>\n<\/div><\/div>\n","protected":false},"excerpt":{"rendered":"<p>In Orisha Srl, l\u2019innovazione e la qualit\u00e0 sono sempre state al centro della sua mission. Oggi, siamo entusiasti di condividere un traguardo significativo che riflette il nostro impegno verso l\u2019eccellenza e la sostenibilit\u00e0, annunciando il conseguimento di due importanti certificazioni ISO: \u2705 ISO 9001:2015 &#8211; Questa certificazione \u00e8 la prova dell&#8217;impegno costante che Orisha Srl mette nel fornire servizi che soddisfano i pi\u00f9 alti standard di qualit\u00e0 (Vedi Certificato no. IQ-0524-08). \u2705 ISO 14001:2015 &#8211; La sostenibilit\u00e0 \u00e8 una responsabilit\u00e0&hellip;<\/p>\n","protected":false},"author":1,"featured_media":0,"parent":0,"menu_order":0,"comment_status":"closed","ping_status":"closed","template":"","meta":{"_exactmetrics_skip_tracking":false,"_exactmetrics_sitenote_active":false,"_exactmetrics_sitenote_note":"","_exactmetrics_sitenote_category":0,"footnotes":""},"_links":{"self":[{"href":"https:\/\/orisha.it\/index.php?rest_route=\/wp\/v2\/pages\/3871"}],"collection":[{"href":"https:\/\/orisha.it\/index.php?rest_route=\/wp\/v2\/pages"}],"about":[{"href":"https:\/\/orisha.it\/index.php?rest_route=\/wp\/v2\/types\/page"}],"author":[{"embeddable":true,"href":"https:\/\/orisha.it\/index.php?rest_route=\/wp\/v2\/users\/1"}],"replies":[{"embeddable":true,"href":"https:\/\/orisha.it\/index.php?rest_route=%2Fwp%2Fv2%2Fcomments&post=3871"}],"version-history":[{"count":11,"href":"https:\/\/orisha.it\/index.php?rest_route=\/wp\/v2\/pages\/3871\/revisions"}],"predecessor-version":[{"id":3906,"href":"https:\/\/orisha.it\/index.php?rest_route=\/wp\/v2\/pages\/3871\/revisions\/3906"}],"wp:attachment":[{"href":"https:\/\/orisha.it\/index.php?rest_route=%2Fwp%2Fv2%2Fmedia&parent=3871"}],"curies":[{"name":"wp","href":"https:\/\/api.w.org\/{rel}","templated":true}]}}